{"id":48,"date":"2013-08-05T15:20:35","date_gmt":"2013-08-05T18:20:35","guid":{"rendered":"http:\/\/bgnweb.com.br\/portal2\/?page_id=48"},"modified":"2013-08-05T15:20:35","modified_gmt":"2013-08-05T18:20:35","slug":"doacao","status":"publish","type":"page","link":"https:\/\/www.bgnweb.com.br\/portal2\/doacao\/","title":{"rendered":"Doa\u00e7\u00e3o"},"content":{"rendered":"<h2 class=\"title\">Ajudem a manter o blog, fa\u00e7a uma doa\u00e7\u00e3o!<\/h2>\n<div class=\"widget-content\">\n<p><center><br \/>\n<!-- INICIO FORMULARIO BOTAO PAGSEGURO --><\/p>\n<form action=\"https:\/\/pagseguro.uol.com.br\/checkout\/doacao.jhtml\" method=\"post\" target=\"pagseguro\"><input type=\"hidden\" name=\"email_cobranca\" value=\"bgnweb@yahoo.com.br\" \/><br \/>\n<input type=\"hidden\" name=\"moeda\" value=\"BRL\" \/><br \/>\n<input type=\"image\" alt=\"Pague com PagSeguro - \u00e9 r\u00e1pido, gr\u00e1tis e seguro!\" name=\"submit\" src=\"https:\/\/p.simg.uol.com.br\/out\/pagseguro\/i\/botoes\/doacao\/FacaSuaDoacao.gif\" \/><\/form>\n<p><!-- FINAL FORMULARIO BOTAO PAGSEGURO --><\/p>\n<p><\/center><\/div>\n","protected":false},"excerpt":{"rendered":"<p>Ajudem a manter o blog, fa\u00e7a uma doa\u00e7\u00e3o!<\/p>\n","protected":false},"author":2,"featured_media":0,"parent":0,"menu_order":0,"comment_status":"open","ping_status":"open","template":"","meta":{"footnotes":""},"class_list":["post-48","page","type-page","status-publish","hentry"],"aioseo_notices":[],"_links":{"self":[{"href":"https:\/\/www.bgnweb.com.br\/portal2\/wp-json\/wp\/v2\/pages\/48","targetHints":{"allow":["GET"]}}],"collection":[{"href":"https:\/\/www.bgnweb.com.br\/portal2\/wp-json\/wp\/v2\/pages"}],"about":[{"href":"https:\/\/www.bgnweb.com.br\/portal2\/wp-json\/wp\/v2\/types\/page"}],"author":[{"embeddable":true,"href":"https:\/\/www.bgnweb.com.br\/portal2\/wp-json\/wp\/v2\/users\/2"}],"replies":[{"embeddable":true,"href":"https:\/\/www.bgnweb.com.br\/portal2\/wp-json\/wp\/v2\/comments?post=48"}],"version-history":[{"count":2,"href":"https:\/\/www.bgnweb.com.br\/portal2\/wp-json\/wp\/v2\/pages\/48\/revisions"}],"predecessor-version":[{"id":50,"href":"https:\/\/www.bgnweb.com.br\/portal2\/wp-json\/wp\/v2\/pages\/48\/revisions\/50"}],"wp:attachment":[{"href":"https:\/\/www.bgnweb.com.br\/portal2\/wp-json\/wp\/v2\/media?parent=48"}],"curies":[{"name":"wp","href":"https:\/\/api.w.org\/{rel}","templated":true}]}}